{"id":15516,"date":"2022-01-10T12:25:06","date_gmt":"2022-01-10T14:25:06","guid":{"rendered":"http:\/\/www.portalriscos.df.gov.br\/?page_id=15516"},"modified":"2022-02-03T15:24:05","modified_gmt":"2022-02-03T17:24:05","slug":"estrutura-integridade","status":"publish","type":"page","link":"http:\/\/www.gestaoderiscos.cg.df.gov.br\/index.php\/estrutura-integridade\/","title":{"rendered":"Implantando o Programa de Integridade"},"content":{"rendered":"<p>&nbsp;<\/p>\n<p style=\"text-align: justify;\">O processo de implanta\u00e7\u00e3o de Programa de Integridade, realizado durante o servi\u00e7o consultivo prestado pela Diretoria de Consultoria de Integridade e Riscos &#8211; DICIR, se desenvolve com a realiza\u00e7\u00e3o de treinamentos (te\u00f3ricos e pr\u00e1ticos), reuni\u00f5es e oficinas cujo objetivo \u00e9 orientar e transferir conhecimentos \u00e0s Unidades do DF acerca das normas ABNT NBR ISO 31000:2018, ABNT NBR IEC 31010:2021 e suas aplica\u00e7\u00f5es na implanta\u00e7\u00e3o de Programas de Integridade.<\/p>\n<p>&nbsp;<\/p>\n<p style=\"text-align: justify;\">Basicamente as atividades realizadas durante o processo de implanta\u00e7\u00e3o s\u00e3o:<\/p>\n<p style=\"padding-left: 30px; text-align: justify;\">1) Cria\u00e7\u00e3o de <strong>estrutura espec\u00edfica<\/strong> para atuar com o Programa de Integridade.<br \/>\n2) <strong>Capacita\u00e7\u00e3o<\/strong> dos servidores da Unidade envolvidos na elabora\u00e7\u00e3o do Programa<br \/>\nde Integridade (PI) e Gest\u00e3o de Riscos (GR).<br \/>\n3) Elabora\u00e7\u00e3o de artefato denominado \u201c<strong>Estabelecimento de Escopo, Contexto e<\/strong><br \/>\n<strong>Crit\u00e9rio<\/strong>\u201d como instrumento de diagn\u00f3stico situacional e estrutural com foco<br \/>\nno ambiente de integridade da Unidade, a ser homologado pelo CIG ou<br \/>\ninst\u00e2ncia equivalente.<br \/>\n4) <strong>Levantamento de Riscos de Integridade<\/strong>, nos moldes adotados pela Gest\u00e3o de<br \/>\nRiscos, a ser homologado pelo CIG ou inst\u00e2ncia equivalente.<br \/>\n5) <strong>Elabora\u00e7\u00e3o<\/strong> de um artefato denominado \u201c<strong>Plano de A\u00e7\u00e3o<\/strong>\u201d para implementa\u00e7\u00e3o<br \/>\nde a\u00e7\u00f5es de Controle dos eventos de Riscos de Integridade, a ser homologado<br \/>\npelo CIG ou inst\u00e2ncia equivalente.<br \/>\n6) <strong>Disponibiliza\u00e7\u00e3o de question\u00e1rio<\/strong> para avaliar o n\u00edvel de entendimento dos<br \/>\nservidores na Unidade quanto ao tema Integridade.<\/p>\n<p>&nbsp;<\/p>\n<p style=\"text-align: justify;\">Essas atividades podem ser agrupadas em cinco etapas de implanta\u00e7\u00e3o.<\/p>\n<p style=\"text-align: justify;\">Clique nos bot\u00f5es abaixo para acessar mais informa\u00e7\u00f5es sobre cada etapa:<\/p>\n<p>&nbsp;<\/p>\n<p><a class=\"fasc-button fasc-size-large fasc-type-glossy fasc-rounded-medium fasc-ico-before dashicons-arrow-right\" style=\"background-color: #4079bc; color: #ffffff;\" href=\"http:\/\/www.portalriscos.df.gov.br\/index.php\/estrutura-integridade\/lideranca-e-comprometimento-pi\/\">Lideran\u00e7a e Comprometimento<\/a><\/p>\n<p><a class=\"fasc-button fasc-size-large fasc-type-glossy fasc-rounded-medium fasc-ico-before dashicons-arrow-right\" style=\"background-color: #4079bc; color: #ffffff;\" href=\"http:\/\/www.portalriscos.df.gov.br\/index.php\/estrutura-integridade\/escopo-contexto-e-criterio-pi\/\">Escopo, contexto e crit\u00e9rio<\/a><\/p>\n<p><a class=\"fasc-button fasc-size-large fasc-type-glossy fasc-rounded-medium fasc-ico-before dashicons-arrow-right\" style=\"background-color: #4079bc; color: #ffffff;\" href=\"http:\/\/www.portalriscos.df.gov.br\/index.php\/estrutura-integridade\/avaliacao-de-riscos-pi\/\">Avalia\u00e7\u00e3o de Riscos de Integridade<\/a><\/p>\n<p><a class=\"fasc-button fasc-size-large fasc-type-glossy fasc-rounded-medium fasc-ico-before dashicons-arrow-right\" style=\"background-color: #4079bc; color: #ffffff;\" href=\"http:\/\/www.portalriscos.df.gov.br\/index.php\/estrutura-integridade\/tratamento-dos-riscos-pi\/\">Tratamento dos Riscos de Integridade<\/a><\/p>\n<p><a class=\"fasc-button fasc-size-large fasc-type-glossy fasc-rounded-medium fasc-ico-before dashicons-arrow-right\" style=\"background-color: #4079bc; color: #ffffff;\" href=\"http:\/\/www.portalriscos.df.gov.br\/index.php\/estrutura-integridade\/gerenciamento-do-pi\/\">Gerenciamento do Programa<\/a><\/p>\n","protected":false},"excerpt":{"rendered":"<p>&nbsp; O processo de implanta\u00e7\u00e3o de Programa de Integridade, realizado durante o servi\u00e7o consultivo prestado pela Diretoria de Consultoria de Integridade e Riscos &#8211; DICIR, se desenvolve com a realiza\u00e7\u00e3o de treinamentos (te\u00f3ricos e pr\u00e1ticos), reuni\u00f5es e oficinas cujo objetivo \u00e9 orientar e transferir conhecimentos \u00e0s Unidades do DF acerca das normas ABNT NBR ISO [&hellip;]<\/p>\n","protected":false},"author":1,"featured_media":0,"parent":0,"menu_order":0,"comment_status":"closed","ping_status":"closed","template":"","meta":[],"acf":[],"_links":{"self":[{"href":"http:\/\/www.gestaoderiscos.cg.df.gov.br\/index.php\/wp-json\/wp\/v2\/pages\/15516"}],"collection":[{"href":"http:\/\/www.gestaoderiscos.cg.df.gov.br\/index.php\/wp-json\/wp\/v2\/pages"}],"about":[{"href":"http:\/\/www.gestaoderiscos.cg.df.gov.br\/index.php\/wp-json\/wp\/v2\/types\/page"}],"author":[{"embeddable":true,"href":"http:\/\/www.gestaoderiscos.cg.df.gov.br\/index.php\/wp-json\/wp\/v2\/users\/1"}],"replies":[{"embeddable":true,"href":"http:\/\/www.gestaoderiscos.cg.df.gov.br\/index.php\/wp-json\/wp\/v2\/comments?post=15516"}],"version-history":[{"count":13,"href":"http:\/\/www.gestaoderiscos.cg.df.gov.br\/index.php\/wp-json\/wp\/v2\/pages\/15516\/revisions"}],"predecessor-version":[{"id":16298,"href":"http:\/\/www.gestaoderiscos.cg.df.gov.br\/index.php\/wp-json\/wp\/v2\/pages\/15516\/revisions\/16298"}],"wp:attachment":[{"href":"http:\/\/www.gestaoderiscos.cg.df.gov.br\/index.php\/wp-json\/wp\/v2\/media?parent=15516"}],"curies":[{"name":"wp","href":"https:\/\/api.w.org\/{rel}","templated":true}]}}