{"id":15549,"date":"2022-01-10T13:26:37","date_gmt":"2022-01-10T15:26:37","guid":{"rendered":"http:\/\/www.portalriscos.df.gov.br\/?page_id=15549"},"modified":"2022-02-04T16:26:49","modified_gmt":"2022-02-04T18:26:49","slug":"competencias","status":"publish","type":"page","link":"http:\/\/www.gestaoderiscos.cg.df.gov.br\/index.php\/home\/competencias\/","title":{"rendered":"Atividades realizadas"},"content":{"rendered":"<p>&nbsp;<\/p>\n<p style=\"text-align: justify;\">A Controladoria-Geral do Distrito Federal &#8211; CGDF desenvolve no \u00e2mbito do Governo do Distrito Federal, dentre outras atividades, servi\u00e7os consultivos aos \u00f3rg\u00e3os e entidades distritais com o objetivo de <strong>capacitar<\/strong> e prestar <strong>apoio t\u00e9cnico consultivo<\/strong> para implanta\u00e7\u00e3o da Gest\u00e3o de Riscos e do Programa de Integridade em cada \u00d3rg\u00e3o.<\/p>\n<p>&nbsp;<\/p>\n<p style=\"text-align: justify;\">Al\u00e9m disso, realiza a\u00e7\u00f5es de <strong>auditoria<\/strong>, <strong>monitoramento<\/strong> e <strong>acompanhamento<\/strong> das diversas Unidades, com o objetivo de examinar os elementos e desenvolvimento da Gest\u00e3o de Riscos, bem como dos Programas de Integridade implantados, possibilitando aos gestores uma an\u00e1lise da efic\u00e1cia e efici\u00eancia dos projetos.<\/p>\n<p>&nbsp;<\/p>\n<p><a class=\"fasc-button fasc-size-large fasc-type-glossy fasc-rounded-medium fasc-ico-before dashicons-menu\" style=\"background-color: #4079bc; color: #ffffff;\" href=\"http:\/\/www.portalriscos.df.gov.br\/index.php\/home\/competencias\/consultorias-realizadas\/\">Consultorias<\/a><\/p>\n<p style=\"text-align: justify;\">A Diretoria de Consultoria em Integridade e Riscos &#8211; DICIR, unidade org\u00e2nica de execu\u00e7\u00e3o, diretamente subordinada \u00e0 Coordena\u00e7\u00e3o de Auditoria de Riscos e Integridade da Subcontroladoria de Controle Interno \u00e9 respons\u00e1vel pelas atividades de apoio t\u00e9cnico consultivo com o objetivo de orientar e capacitar os \u00f3rg\u00e3os e entidades do Poder Executivo do Distrito Federal, para a implanta\u00e7\u00e3o de boas pr\u00e1ticas gerenciais em Gest\u00e3o de Riscos e de Programas de Integridade, conforme art. 78 do Decreto Distrital n\u00ba 42.830, de 17\/12\/2021, que aprova o Regimento Interno da Controladoria-Geral do Distrito Federal, bem como o inciso V do artigo 14, o par\u00e1grafo \u00fanico e o inciso III do artigo 21 do Decreto Distrital n\u00ba 39.736, de 28\/03\/2019, e o inciso V do artigo 14 do Decreto Distrital n\u00ba 39.736, de 28\/03\/2019.<\/p>\n<p>&nbsp;<\/p>\n<p><a class=\"fasc-button fasc-size-large fasc-type-glossy fasc-rounded-medium fasc-ico-before dashicons-menu\" style=\"background-color: #4079bc; color: #ffffff;\" href=\"http:\/\/www.portalriscos.df.gov.br\/index.php\/home\/competencias\/auditorias\/\">Auditorias<\/a><\/p>\n<p style=\"text-align: justify;\">Por sua vez, a Diretoria de Auditoria de Riscos e Integridade &#8211; DARIS, unidade org\u00e2nica de execu\u00e7\u00e3o, diretamente subordinada \u00e0 Coordena\u00e7\u00e3o de Auditoria de Riscos e Integridade da Subcontroladoria de Controle Interno tem como miss\u00e3o avaliar a Gest\u00e3o de Riscos e os Programas de Integridade desenvolvidos pelos \u00f3rg\u00e3os e entidades do Poder Executivo do Distrito Federal, conforme art. 79 do Decreto Distrital n\u00ba 42.830, de 17\/12\/2021, que aprova o Regimento Interno da Controladoria-Geral do Distrito Federal, em cumprimento aos Decretos Distritais n\u00ba 37.302\/2016, n\u00ba 39.736\/2019.<\/p>\n","protected":false},"excerpt":{"rendered":"<p>&nbsp; A Controladoria-Geral do Distrito Federal &#8211; CGDF desenvolve no \u00e2mbito do Governo do Distrito Federal, dentre outras atividades, servi\u00e7os consultivos aos \u00f3rg\u00e3os e entidades distritais com o objetivo de capacitar e prestar apoio t\u00e9cnico consultivo para implanta\u00e7\u00e3o da Gest\u00e3o de Riscos e do Programa de Integridade em cada \u00d3rg\u00e3o. &nbsp; Al\u00e9m disso, realiza a\u00e7\u00f5es [&hellip;]<\/p>\n","protected":false},"author":1,"featured_media":0,"parent":6,"menu_order":2,"comment_status":"closed","ping_status":"closed","template":"","meta":[],"acf":[],"_links":{"self":[{"href":"http:\/\/www.gestaoderiscos.cg.df.gov.br\/index.php\/wp-json\/wp\/v2\/pages\/15549"}],"collection":[{"href":"http:\/\/www.gestaoderiscos.cg.df.gov.br\/index.php\/wp-json\/wp\/v2\/pages"}],"about":[{"href":"http:\/\/www.gestaoderiscos.cg.df.gov.br\/index.php\/wp-json\/wp\/v2\/types\/page"}],"author":[{"embeddable":true,"href":"http:\/\/www.gestaoderiscos.cg.df.gov.br\/index.php\/wp-json\/wp\/v2\/users\/1"}],"replies":[{"embeddable":true,"href":"http:\/\/www.gestaoderiscos.cg.df.gov.br\/index.php\/wp-json\/wp\/v2\/comments?post=15549"}],"version-history":[{"count":31,"href":"http:\/\/www.gestaoderiscos.cg.df.gov.br\/index.php\/wp-json\/wp\/v2\/pages\/15549\/revisions"}],"predecessor-version":[{"id":16398,"href":"http:\/\/www.gestaoderiscos.cg.df.gov.br\/index.php\/wp-json\/wp\/v2\/pages\/15549\/revisions\/16398"}],"up":[{"embeddable":true,"href":"http:\/\/www.gestaoderiscos.cg.df.gov.br\/index.php\/wp-json\/wp\/v2\/pages\/6"}],"wp:attachment":[{"href":"http:\/\/www.gestaoderiscos.cg.df.gov.br\/index.php\/wp-json\/wp\/v2\/media?parent=15549"}],"curies":[{"name":"wp","href":"https:\/\/api.w.org\/{rel}","templated":true}]}}