{"id":15786,"date":"2022-01-28T11:30:18","date_gmt":"2022-01-28T13:30:18","guid":{"rendered":"http:\/\/www.portalriscos.df.gov.br\/?page_id=15786"},"modified":"2022-03-21T15:59:42","modified_gmt":"2022-03-21T18:59:42","slug":"lideranca-e-comprometimento","status":"publish","type":"page","link":"http:\/\/www.gestaoderiscos.cg.df.gov.br\/index.php\/implantandogr\/lideranca-e-comprometimento\/","title":{"rendered":"Lideran\u00e7a e Comprometimento"},"content":{"rendered":"<p>&nbsp;<\/p>\n<p style=\"text-align: justify;\">O processo de implanta\u00e7\u00e3o da gest\u00e3o de riscos \u00e9 iniciado com a etapa&nbsp;chamada <strong>LIDERAN\u00c7A e COMPROMETIMENTO<\/strong>.<\/p>\n<p>&nbsp;<\/p>\n<p style=\"text-align: justify;\">Trata-se de um dos pontos abordados no eixo &#8220;<strong>ESTRUTURA<\/strong>&#8221; da norma ABNT NBR ISO 31000\/2018, cujo&nbsp;prop\u00f3sito \u00e9 auxiliar \u00e0s organiza\u00e7\u00f5es na constru\u00e7\u00e3o e integra\u00e7\u00e3o da t\u00e9cnica de gest\u00e3o de riscos durante a execu\u00e7\u00e3o de suas atividades\/fun\u00e7\u00f5es significativas e alcance de seus objetivos.<\/p>\n<p>&nbsp;<\/p>\n<p style=\"text-align: justify;\">Nesse sentido \u00e9 importante perceber que a efic\u00e1cia e efetividade da gest\u00e3o de riscos prescinde da sua utiliza\u00e7\u00e3o como instrumento de&nbsp;governan\u00e7a em todas as suas atividades, principalmente durante a tomada de decis\u00e3o.<\/p>\n<p>&nbsp;<\/p>\n<p style=\"text-align: justify;\">Al\u00e9m disso, para que essa premissa se torne realidade \u00e9 preciso considerar o apoio das partes interessadas, em particular da Alta Dire\u00e7\u00e3o.&nbsp;Nesse ponto em particular citamos a pr\u00f3pria norma ABNT NBR ISO 31000\/2018:<\/p>\n<p>&nbsp;<\/p>\n<p style=\"text-align: justify;\"><em>&#8220;Conv\u00e9m que a Alta Dire\u00e7\u00e3o e os \u00f3rg\u00e3os de supervis\u00e3o, onde aplic\u00e1vel, assegurem que a gest\u00e3o de <\/em><br \/>\n<em>riscos esteja integrada em todas as atividades da organiza\u00e7\u00e3o, e conv\u00e9m que demonstrem lideran\u00e7a <\/em><br \/>\n<em>e comprometimento por:&nbsp;&nbsp;<\/em><em>personalizar e <strong>implementar todos os componentes da estrutura<\/strong>;&nbsp;<\/em><em><strong>emitir uma declara\u00e7\u00e3o ou pol\u00edtica<\/strong> que estabele\u00e7a uma abordagem, plano ou curso de a\u00e7\u00e3o da&nbsp;<\/em><em>gest\u00e3o de riscos;&nbsp;<\/em><em>assegurar que os <strong>recursos necess\u00e1rios sejam alocados<\/strong> para gerenciar riscos e&nbsp;<\/em><em><strong>atribuir autoridades, responsabilidades e responsabiliza\u00e7\u00e3o<\/strong> nos n\u00edveis apropriados dentro da&nbsp;<\/em><em>organiza\u00e7\u00e3o (Item 5.2 da ABNT NBRISO 31.000\/2018).<\/em><\/p>\n<p>&nbsp;<\/p>\n<p><a class=\"fasc-button fasc-size-medium fasc-type-glossy fasc-rounded-medium fasc-ico-before dashicons-format-aside\" style=\"background-color: #4079bc; color: #ffffff;\" target=\"_blank\" href=\"http:\/\/www.gestaoderiscos.cg.df.gov.br\/wp-content\/uploads\/2022\/01\/Modelo-de-artefato-Pol\u00edtica-de-Gest\u00e3o-de-Riscos.pdf\">Modelo de Pol\u00edtica de Gest\u00e3o de Riscos<\/a><\/p>\n<p><span style=\"font-size: 8pt;\">Clique no bot\u00e3o para acessar o modelo<\/span><\/p>\n<p>&nbsp;<\/p>\n<p>&nbsp;<\/p>\n<p>Refer\u00eancia Bibliogr\u00e1fica:<\/p>\n<p><span style=\"font-size: 10pt;\">ASSOCIA\u00c7\u00c3O BRASILEIRA DE NORMAS T\u00c9CNICAS.&nbsp;NBR ISO 31000:2018 &#8211; Gest\u00e3o de Riscos: Princ\u00edpios e Diretrizes.&nbsp;ABNT. 2018.<\/span><\/p>\n","protected":false},"excerpt":{"rendered":"<p>&nbsp; O processo de implanta\u00e7\u00e3o da gest\u00e3o de riscos \u00e9 iniciado com a etapa&nbsp;chamada LIDERAN\u00c7A e COMPROMETIMENTO. &nbsp; Trata-se de um dos pontos abordados no eixo &#8220;ESTRUTURA&#8221; da norma ABNT NBR ISO 31000\/2018, cujo&nbsp;prop\u00f3sito \u00e9 auxiliar \u00e0s organiza\u00e7\u00f5es na constru\u00e7\u00e3o e integra\u00e7\u00e3o da t\u00e9cnica de gest\u00e3o de riscos durante a execu\u00e7\u00e3o de suas atividades\/fun\u00e7\u00f5es significativas [&hellip;]<\/p>\n","protected":false},"author":1,"featured_media":0,"parent":15475,"menu_order":1,"comment_status":"closed","ping_status":"closed","template":"","meta":[],"acf":[],"_links":{"self":[{"href":"http:\/\/www.gestaoderiscos.cg.df.gov.br\/index.php\/wp-json\/wp\/v2\/pages\/15786"}],"collection":[{"href":"http:\/\/www.gestaoderiscos.cg.df.gov.br\/index.php\/wp-json\/wp\/v2\/pages"}],"about":[{"href":"http:\/\/www.gestaoderiscos.cg.df.gov.br\/index.php\/wp-json\/wp\/v2\/types\/page"}],"author":[{"embeddable":true,"href":"http:\/\/www.gestaoderiscos.cg.df.gov.br\/index.php\/wp-json\/wp\/v2\/users\/1"}],"replies":[{"embeddable":true,"href":"http:\/\/www.gestaoderiscos.cg.df.gov.br\/index.php\/wp-json\/wp\/v2\/comments?post=15786"}],"version-history":[{"count":13,"href":"http:\/\/www.gestaoderiscos.cg.df.gov.br\/index.php\/wp-json\/wp\/v2\/pages\/15786\/revisions"}],"predecessor-version":[{"id":16544,"href":"http:\/\/www.gestaoderiscos.cg.df.gov.br\/index.php\/wp-json\/wp\/v2\/pages\/15786\/revisions\/16544"}],"up":[{"embeddable":true,"href":"http:\/\/www.gestaoderiscos.cg.df.gov.br\/index.php\/wp-json\/wp\/v2\/pages\/15475"}],"wp:attachment":[{"href":"http:\/\/www.gestaoderiscos.cg.df.gov.br\/index.php\/wp-json\/wp\/v2\/media?parent=15786"}],"curies":[{"name":"wp","href":"https:\/\/api.w.org\/{rel}","templated":true}]}}