{"id":15844,"date":"2022-01-31T10:34:49","date_gmt":"2022-01-31T12:34:49","guid":{"rendered":"http:\/\/www.portalriscos.df.gov.br\/?page_id=15844"},"modified":"2022-02-04T22:03:55","modified_gmt":"2022-02-05T00:03:55","slug":"auditorias","status":"publish","type":"page","link":"http:\/\/www.gestaoderiscos.cg.df.gov.br\/index.php\/home\/competencias\/auditorias\/","title":{"rendered":"Auditorias"},"content":{"rendered":"<p>&nbsp;<\/p>\n<p style=\"text-align: justify;\">A seguir apresentamos informa\u00e7\u00f5es sobre as a\u00e7\u00f5es de auditoria e monitoramento realizadas pela Controladoria-Geral do Distrito Federal, desde 2018.<\/p>\n<p>&nbsp;<\/p>\n<p dir=\"ltr\" style=\"padding-left: 90px;\"><iframe loading=\"lazy\" src=\"https:\/\/docs.google.com\/spreadsheets\/d\/e\/2PACX-1vQo_qrL-H5pq1nNY7mjtKYsh5OFr0s7VUqOGcd5pOj57emEbt5J8QAK9C_GuzEfxdLtxTQMrpgz5fKU\/pubchart?oid=1928806692&amp;format=interactive\" width=\"600\" height=\"371\" frameborder=\"0\" scrolling=\"no\" seamless=\"\"><\/iframe><\/p>\n","protected":false},"excerpt":{"rendered":"<p>&nbsp; A seguir apresentamos informa\u00e7\u00f5es sobre as a\u00e7\u00f5es de auditoria e monitoramento realizadas pela Controladoria-Geral do Distrito Federal, desde 2018. &nbsp;<\/p>\n","protected":false},"author":1,"featured_media":0,"parent":15549,"menu_order":2,"comment_status":"closed","ping_status":"closed","template":"","meta":[],"acf":[],"_links":{"self":[{"href":"http:\/\/www.gestaoderiscos.cg.df.gov.br\/index.php\/wp-json\/wp\/v2\/pages\/15844"}],"collection":[{"href":"http:\/\/www.gestaoderiscos.cg.df.gov.br\/index.php\/wp-json\/wp\/v2\/pages"}],"about":[{"href":"http:\/\/www.gestaoderiscos.cg.df.gov.br\/index.php\/wp-json\/wp\/v2\/types\/page"}],"author":[{"embeddable":true,"href":"http:\/\/www.gestaoderiscos.cg.df.gov.br\/index.php\/wp-json\/wp\/v2\/users\/1"}],"replies":[{"embeddable":true,"href":"http:\/\/www.gestaoderiscos.cg.df.gov.br\/index.php\/wp-json\/wp\/v2\/comments?post=15844"}],"version-history":[{"count":31,"href":"http:\/\/www.gestaoderiscos.cg.df.gov.br\/index.php\/wp-json\/wp\/v2\/pages\/15844\/revisions"}],"predecessor-version":[{"id":16413,"href":"http:\/\/www.gestaoderiscos.cg.df.gov.br\/index.php\/wp-json\/wp\/v2\/pages\/15844\/revisions\/16413"}],"up":[{"embeddable":true,"href":"http:\/\/www.gestaoderiscos.cg.df.gov.br\/index.php\/wp-json\/wp\/v2\/pages\/15549"}],"wp:attachment":[{"href":"http:\/\/www.gestaoderiscos.cg.df.gov.br\/index.php\/wp-json\/wp\/v2\/media?parent=15844"}],"curies":[{"name":"wp","href":"https:\/\/api.w.org\/{rel}","templated":true}]}}